 when 5603 is divided by 59.
57
Calculate the remainder when 128 is divided by 22.
18
What is the remainder when 134 is divided by 9?
8
What is the remainder when 2302 is divided by 154?
146
Calculate the remainder when 123 is divided by 21.
18
What is the remainder when 262 is divided by 12?
10
What is the remainder when 341 is divided by 167?
7
Calculate the remainder when 1728 is divided by 13.
12
Calculate the remainder when 3319 is divided by 32.
23
Calculate the remainder when 476 is divided by 249.
227
Calculate the remainder when 1125 is divided by 49.
47
Calculate the remainder when 129 is divided by 6.
3
What is the remainder when 184 is divided by 22?
8
What is the remainder when 5232 is divided by 17?
13
What is the remainder when 667 is divided by 57?
40
Calculate the remainder when 107 is divided by 8.
3
Calculate the remainder when 2537 is divided by 34.
21
What is the remainder when 7 is divided by 2?
1
Calculate the remainder when 168 is divided by 137.
31
Calculate the remainder when 1097 is divided by 69.
62
What is the remainder when 489 is divided by 161?
6
What is the remainder when 2018 is divided by 30?
8
Calculate the remainder when 174 is divided by 54.
12
Calculate the remainder when 1528 is divided by 85.
83
What is the remainder when 51 is divided by 28?
23
What is the remainder when 727 is divided by 56?
55
Calculate the remainder when 1372 is divided by 197.
190
What is the remainder when 2353 is divided by 11?
10
What is the remainder when 127 is divided by 55?
17
What is the remainder when 510 is divided by 17?
0
Calculate the remainder when 445 is divided by 79.
50
What is the remainder when 608 is divided by 61?
59
Calculate the remainder when 11126 is divided by 53.
49
Calculate the remainder when 869 is divided by 64.
37
Calculate the remainder when 57 is divided by 37.
20
What is the remainder when 55 is divided by 38?
17
Calculate the remainder when 16528 is divided by 19.
17
What is the remainder when 88 is divided by 6?
4
What is the remainder when 529 is divided by 113?
77
Calculate the remainder when 226 is divided by 61.
43
What is the remainder when 69 is divided by 18?
15
What is the remainder when 6552 is divided by 95?
92
Calculate the remainder when 61 is divided by 20.
1
What is the remainder when 1037 is divided by 210?
197
What is the remainder when 25 is divided by 14?
11
Calculate the remainder when 61 is divided by 12.
1
Calculate the remainder when 3768 is divided by 5.
3
Calculate the remainder when 51 is divided by 45.
6
Calculate the remainder when 1899 is divided by 136.
131
What is the remainder when 516 is divided by 364?
152
What is the remainder when 2044 is divided by 64?
60
What is the remainder when 1424 is divided by 205?
194
Calculate the remainder when 6091 is divided by 12.
7
What is the remainder when 17 is divided by 1?
0
What is the remainder when 103 is divided by 13?
12
What is the remainder when 1802 is divided by 357?
17
Calculate the remainder when 323 is divided by 68.
51
Calculate the remainder when 98 is divided by 30.
8
What is the remainder when 1156 is divided by 13?
12
What is the remainder when 23365 is divided by 62?
53
Calculate the remainder when 132 is divided by 28.
20
Calculate the remainder when 1087 is divided by 13.
8
What is the remainder when 215 is divided by 17?
11
Calculate the remainder when 67 is divided by 52.
15
Calculate the remainder when 98 is divided by 10.
8
What is the remainder when 78 is divided by 17?
10
Calculate the remainder when 802 is divided by 23.
20
What is the remainder when 14999 is divided by 12?
11
What is the remainder when 162 is divided by 73?
16
What is the remainder when 238 is divided by 80?
78
What is the remainder when 258 is divided by 26?
24
What is the remainder when 184 is divided by 62?
60
Calculate the remainder when 5309 is divided by 113.
111
Calculate the remainder when 905 is divided by 896.
9
Calculate the remainder when 5498 is divided by 20.
18
What is the remainder when 651 is divided by 6?
3
What is the remainder when 167 is divided by 31?
12
Calculate the remainder when 161 is divided by 42.
35
Calculate the remainder when 8285 is divided by 32.
29
Calculate the remainder when 101 is divided by 34.
33
What is the remainder when 60 is divided by 4?
0
What is the remainder when 820 is divided by 408?
4
What is the remainder when 6577 is divided by 14?
11
Calculate the remainder when 462 is divided by 103.
50
What is the remainder when 382 is divided by 106?
64
What is the remainder when 540 is divided by 50?
40
What is the remainder when 56 is divided by 16?
8
What is the remainder when 159 is divided by 13?
3
Calculate the remainder when 167 is divided by 34.
31
What is the remainder when 2022 is divided by 46?
44
Calculate the remainder when 3970 is divided by 11.
10
What is the remainder when 84 is divided by 46?
38
What is the remainder when 4367 is divided by 1451?
14
What is the remainder when 203 is divided by 23?
19
Calculate the remainder when 44538 is divided by 34.
32
Calculate the remainder when 166 is divided by 12.
10
What is the remainder when 78 is divided by 16?
14
What is the remainder when 828 is divided by 104?
100
Calculate the remainder when 843 is divided by 94.
91
What is the remainder when 148 is divided by 73?
2
What is the remainder when 235 is divided by 36?
19
What is the remainder when 1429 is divided by 34?
1
Calculate the remainder when 73 is divided by 2.
1
What is the remainder when 358 is divided by 17?
1
What is the remainder when 2441 is divided by 1212?
17
Calculate the remainder when 716 is divided by 178.
4
What is the remainder when 1257 is divided by 7?
4
What is the remainder when 751 is divided by 13?
10
What is the remainder when 127 is divided by 52?
23
What is the remainder when 319 is divided by 190?
129
What is the remainder when 237 is divided by 14?
13
What is the remainder when 865 is divided by 165?
40
Calculate the remainder when 1046 is divided by 42.
38
Calculate the remainder when 1425 is divided by 180.
165
What is the remainder when 531 is divided by 140?
111
Calculate the remainder when 80 is divided by 41.
39
What is the remainder when 40 is divided by 7?
5
What is the remainder when 644 is divided by 54?
50
Calculate the remainder when 675 is divided by 4.
3
What is the remainder when 2781 is divided by 12?
9
Calculate the remainder when 565 is divided by 84.
61
What is the remainder when 99 is divided by 35?
29
Calculate the remainder when 322 is divided by 75.
22
What is the remainder when 191 is divided by 70?
51
What is the remainder when 314 is divided by 81?
71
What is the remainder when 9115 is divided by 11?
7
Calculate the remainder when 616 is divided by 63.
49
Calculate the remainder when 5 is divided by 5.
0
Calculate the remainder when 386 is divided by 54.
8
Calculate the remainder when 301 is divided by 93.
22
Calculate the remainder when 8655 is divided by 39.
36
What is the remainder when 42332 is divided by 347?
345
Calculate the remainder when 428 is divided by 211.
6
What is the remainder when 424 is divided by 33?
28
Calculate the remainder when 357 is divided by 29.
9
Calculate the remainder when 600 is divided by 89.
66
What is the remainder when 441 is divided by 220?
1
Calculate the remainder when 1694 is divided by 337.
9
What is the remainder when 257 is divided by 114?
29
What is the remainder when 90 is divided by 7?
6
What is the remainder when 1727 is divided by 156?
11
Calculate the remainder when 61 is divided by 21.
19
What is the remainder when 419 is divided by 322?
97
Calculate the remainder when 962 is divided by 173.
97
Calculate the remainder when 223 is divided by 57.
52
Calculate the remainder when 7469 is divided by 18.
17
What is the remainder when 12 is divided by 7?
5
Calculate the remainder when 287 is divided by 33.
23
Calculate the remainder when 1007 is divided by 112.
111
Calculate the remainder when 981 is divided by 8.
5
Calculate the remainder when 31 is divided by 19.
12
What is the remainder when 548 is divided by 109?
3
What is the remainder when 4126 is divided by 1374?
4
What is the remainder when 1220 is divided by 36?
32
What is the remainder when 236 is divided by 210?
26